{"id":673,"date":"2020-07-16T14:01:24","date_gmt":"2020-07-16T11:01:24","guid":{"rendered":"http:\/\/etagalvaniz.xyz\/?post_type=product&amp;p=673"},"modified":"2025-12-19T13:27:53","modified_gmt":"2025-12-19T10:27:53","slug":"400-litre-galvaniz-cop-konteyneri","status":"publish","type":"product","link":"https:\/\/www.etacopkonteyner.com\/?product=400-litre-galvaniz-cop-konteyneri","title":{"rendered":"400 Litre Galvaniz \u00c7\u00f6p Konteyneri"},"content":{"rendered":"<p><img loading=\"lazy\" decoding=\"async\" class=\"alignnone wp-image-4222 size-full\" src=\"http:\/\/www.etacopkonteyner.com\/wp-content\/uploads\/2018\/11\/My-Post-4.jpg\" alt=\"\" width=\"2160\" height=\"1080\" \/><\/p>\n","protected":false},"excerpt":{"rendered":"<p>400 Litre Galvaniz \u00c7\u00f6p Konteyneri<\/p>\n","protected":false},"featured_media":674,"comment_status":"open","ping_status":"closed","template":"","meta":[],"product_brand":[],"product_cat":[69],"product_tag":[],"class_list":{"0":"post-673","1":"product","2":"type-product","3":"status-publish","4":"has-post-thumbnail","6":"product_cat-galvaniz-konteyner","8":"first","9":"instock","10":"shipping-taxable","11":"purchasable","12":"product-type-simple"},"yoast_head":"<!-- This site is optimized with the Yoast SEO plugin v26.6 - https:\/\/yoast.com\/wordpress\/plugins\/seo\/ -->\n<title>400 Litre Galvaniz \u00c7\u00f6p Konteyneri - Eta Metal<\/title>\n<meta name=\"robots\" content=\"index, follow, max-snippet:-1, max-image-preview:large, max-video-preview:-1\" \/>\n<link rel=\"canonical\" href=\"https:\/\/www.etacopkonteyner.com\/?product=400-litre-galvaniz-cop-konteyneri\" \/>\n<meta property=\"og:locale\" content=\"tr_TR\" \/>\n<meta property=\"og:type\" content=\"article\" \/>\n<meta property=\"og:title\" content=\"400 Litre Galvaniz \u00c7\u00f6p Konteyneri - Eta Metal\" \/>\n<meta property=\"og:description\" content=\"400 Litre Galvaniz \u00c7\u00f6p Konteyneri\" \/>\n<meta property=\"og:url\" content=\"https:\/\/www.etacopkonteyner.com\/?product=400-litre-galvaniz-cop-konteyneri\" \/>\n<meta property=\"og:site_name\" content=\"Eta Metal\" \/>\n<meta property=\"article:modified_time\" content=\"2025-12-19T10:27:53+00:00\" \/>\n<meta property=\"og:image\" content=\"https:\/\/www.etacopkonteyner.com\/wp-content\/uploads\/2020\/07\/207824.jpg\" \/>\n\t<meta property=\"og:image:width\" content=\"600\" \/>\n\t<meta property=\"og:image:height\" content=\"524\" \/>\n\t<meta property=\"og:image:type\" content=\"image\/jpeg\" \/>\n<meta name=\"twitter:card\" content=\"summary_large_image\" \/>\n<script type=\"application\/ld+json\" class=\"yoast-schema-graph\">{\"@context\":\"https:\/\/schema.org\",\"@graph\":[{\"@type\":\"WebPage\",\"@id\":\"https:\/\/www.etacopkonteyner.com\/?product=400-litre-galvaniz-cop-konteyneri\",\"url\":\"https:\/\/www.etacopkonteyner.com\/?product=400-litre-galvaniz-cop-konteyneri\",\"name\":\"400 Litre Galvaniz \u00c7\u00f6p Konteyneri - Eta Metal\",\"isPartOf\":{\"@id\":\"https:\/\/www.etacopkonteyner.com\/#website\"},\"primaryImageOfPage\":{\"@id\":\"https:\/\/www.etacopkonteyner.com\/?product=400-litre-galvaniz-cop-konteyneri#primaryimage\"},\"image\":{\"@id\":\"https:\/\/www.etacopkonteyner.com\/?product=400-litre-galvaniz-cop-konteyneri#primaryimage\"},\"thumbnailUrl\":\"https:\/\/www.etacopkonteyner.com\/wp-content\/uploads\/2020\/07\/207824.jpg\",\"datePublished\":\"2020-07-16T11:01:24+00:00\",\"dateModified\":\"2025-12-19T10:27:53+00:00\",\"breadcrumb\":{\"@id\":\"https:\/\/www.etacopkonteyner.com\/?product=400-litre-galvaniz-cop-konteyneri#breadcrumb\"},\"inLanguage\":\"tr\",\"potentialAction\":[{\"@type\":\"ReadAction\",\"target\":[\"https:\/\/www.etacopkonteyner.com\/?product=400-litre-galvaniz-cop-konteyneri\"]}]},{\"@type\":\"ImageObject\",\"inLanguage\":\"tr\",\"@id\":\"https:\/\/www.etacopkonteyner.com\/?product=400-litre-galvaniz-cop-konteyneri#primaryimage\",\"url\":\"https:\/\/www.etacopkonteyner.com\/wp-content\/uploads\/2020\/07\/207824.jpg\",\"contentUrl\":\"https:\/\/www.etacopkonteyner.com\/wp-content\/uploads\/2020\/07\/207824.jpg\",\"width\":600,\"height\":524},{\"@type\":\"BreadcrumbList\",\"@id\":\"https:\/\/www.etacopkonteyner.com\/?product=400-litre-galvaniz-cop-konteyneri#breadcrumb\",\"itemListElement\":[{\"@type\":\"ListItem\",\"position\":1,\"name\":\"Anasayfa\",\"item\":\"https:\/\/www.etacopkonteyner.com\/\"},{\"@type\":\"ListItem\",\"position\":2,\"name\":\"\u00dcr\u00fcnler\",\"item\":\"https:\/\/www.etacopkonteyner.com\/?page_id=733\"},{\"@type\":\"ListItem\",\"position\":3,\"name\":\"400 Litre Galvaniz \u00c7\u00f6p Konteyneri\"}]},{\"@type\":\"WebSite\",\"@id\":\"https:\/\/www.etacopkonteyner.com\/#website\",\"url\":\"https:\/\/www.etacopkonteyner.com\/\",\"name\":\"Eta Metal\",\"description\":\"Metal \u0130malat\u0131\",\"publisher\":{\"@id\":\"https:\/\/www.etacopkonteyner.com\/#organization\"},\"potentialAction\":[{\"@type\":\"SearchAction\",\"target\":{\"@type\":\"EntryPoint\",\"urlTemplate\":\"https:\/\/www.etacopkonteyner.com\/?s={search_term_string}\"},\"query-input\":{\"@type\":\"PropertyValueSpecification\",\"valueRequired\":true,\"valueName\":\"search_term_string\"}}],\"inLanguage\":\"tr\"},{\"@type\":\"Organization\",\"@id\":\"https:\/\/www.etacopkonteyner.com\/#organization\",\"name\":\"Eta Metal\",\"url\":\"https:\/\/www.etacopkonteyner.com\/\",\"logo\":{\"@type\":\"ImageObject\",\"inLanguage\":\"tr\",\"@id\":\"https:\/\/www.etacopkonteyner.com\/#\/schema\/logo\/image\/\",\"url\":\"http:\/\/www.etacopkonteyner.com\/wp-content\/uploads\/2022\/08\/cropped-etametal4.png\",\"contentUrl\":\"http:\/\/www.etacopkonteyner.com\/wp-content\/uploads\/2022\/08\/cropped-etametal4.png\",\"width\":180,\"height\":85,\"caption\":\"Eta Metal\"},\"image\":{\"@id\":\"https:\/\/www.etacopkonteyner.com\/#\/schema\/logo\/image\/\"}}]}<\/script>\n<!-- \/ Yoast SEO plugin. -->","yoast_head_json":{"title":"400 Litre Galvaniz \u00c7\u00f6p Konteyneri - Eta Metal","robots":{"index":"index","follow":"follow","max-snippet":"max-snippet:-1","max-image-preview":"max-image-preview:large","max-video-preview":"max-video-preview:-1"},"canonical":"https:\/\/www.etacopkonteyner.com\/?product=400-litre-galvaniz-cop-konteyneri","og_locale":"tr_TR","og_type":"article","og_title":"400 Litre Galvaniz \u00c7\u00f6p Konteyneri - Eta Metal","og_description":"400 Litre Galvaniz \u00c7\u00f6p Konteyneri","og_url":"https:\/\/www.etacopkonteyner.com\/?product=400-litre-galvaniz-cop-konteyneri","og_site_name":"Eta Metal","article_modified_time":"2025-12-19T10:27:53+00:00","og_image":[{"width":600,"height":524,"url":"https:\/\/www.etacopkonteyner.com\/wp-content\/uploads\/2020\/07\/207824.jpg","type":"image\/jpeg"}],"twitter_card":"summary_large_image","schema":{"@context":"https:\/\/schema.org","@graph":[{"@type":"WebPage","@id":"https:\/\/www.etacopkonteyner.com\/?product=400-litre-galvaniz-cop-konteyneri","url":"https:\/\/www.etacopkonteyner.com\/?product=400-litre-galvaniz-cop-konteyneri","name":"400 Litre Galvaniz \u00c7\u00f6p Konteyneri - Eta Metal","isPartOf":{"@id":"https:\/\/www.etacopkonteyner.com\/#website"},"primaryImageOfPage":{"@id":"https:\/\/www.etacopkonteyner.com\/?product=400-litre-galvaniz-cop-konteyneri#primaryimage"},"image":{"@id":"https:\/\/www.etacopkonteyner.com\/?product=400-litre-galvaniz-cop-konteyneri#primaryimage"},"thumbnailUrl":"https:\/\/www.etacopkonteyner.com\/wp-content\/uploads\/2020\/07\/207824.jpg","datePublished":"2020-07-16T11:01:24+00:00","dateModified":"2025-12-19T10:27:53+00:00","breadcrumb":{"@id":"https:\/\/www.etacopkonteyner.com\/?product=400-litre-galvaniz-cop-konteyneri#breadcrumb"},"inLanguage":"tr","potentialAction":[{"@type":"ReadAction","target":["https:\/\/www.etacopkonteyner.com\/?product=400-litre-galvaniz-cop-konteyneri"]}]},{"@type":"ImageObject","inLanguage":"tr","@id":"https:\/\/www.etacopkonteyner.com\/?product=400-litre-galvaniz-cop-konteyneri#primaryimage","url":"https:\/\/www.etacopkonteyner.com\/wp-content\/uploads\/2020\/07\/207824.jpg","contentUrl":"https:\/\/www.etacopkonteyner.com\/wp-content\/uploads\/2020\/07\/207824.jpg","width":600,"height":524},{"@type":"BreadcrumbList","@id":"https:\/\/www.etacopkonteyner.com\/?product=400-litre-galvaniz-cop-konteyneri#breadcrumb","itemListElement":[{"@type":"ListItem","position":1,"name":"Anasayfa","item":"https:\/\/www.etacopkonteyner.com\/"},{"@type":"ListItem","position":2,"name":"\u00dcr\u00fcnler","item":"https:\/\/www.etacopkonteyner.com\/?page_id=733"},{"@type":"ListItem","position":3,"name":"400 Litre Galvaniz \u00c7\u00f6p Konteyneri"}]},{"@type":"WebSite","@id":"https:\/\/www.etacopkonteyner.com\/#website","url":"https:\/\/www.etacopkonteyner.com\/","name":"Eta Metal","description":"Metal \u0130malat\u0131","publisher":{"@id":"https:\/\/www.etacopkonteyner.com\/#organization"},"potentialAction":[{"@type":"SearchAction","target":{"@type":"EntryPoint","urlTemplate":"https:\/\/www.etacopkonteyner.com\/?s={search_term_string}"},"query-input":{"@type":"PropertyValueSpecification","valueRequired":true,"valueName":"search_term_string"}}],"inLanguage":"tr"},{"@type":"Organization","@id":"https:\/\/www.etacopkonteyner.com\/#organization","name":"Eta Metal","url":"https:\/\/www.etacopkonteyner.com\/","logo":{"@type":"ImageObject","inLanguage":"tr","@id":"https:\/\/www.etacopkonteyner.com\/#\/schema\/logo\/image\/","url":"http:\/\/www.etacopkonteyner.com\/wp-content\/uploads\/2022\/08\/cropped-etametal4.png","contentUrl":"http:\/\/www.etacopkonteyner.com\/wp-content\/uploads\/2022\/08\/cropped-etametal4.png","width":180,"height":85,"caption":"Eta Metal"},"image":{"@id":"https:\/\/www.etacopkonteyner.com\/#\/schema\/logo\/image\/"}}]}},"_links":{"self":[{"href":"https:\/\/www.etacopkonteyner.com\/index.php?rest_route=\/wp\/v2\/product\/673","targetHints":{"allow":["GET"]}}],"collection":[{"href":"https:\/\/www.etacopkonteyner.com\/index.php?rest_route=\/wp\/v2\/product"}],"about":[{"href":"https:\/\/www.etacopkonteyner.com\/index.php?rest_route=\/wp\/v2\/types\/product"}],"replies":[{"embeddable":true,"href":"https:\/\/www.etacopkonteyner.com\/index.php?rest_route=%2Fwp%2Fv2%2Fcomments&post=673"}],"wp:featuredmedia":[{"embeddable":true,"href":"https:\/\/www.etacopkonteyner.com\/index.php?rest_route=\/wp\/v2\/media\/674"}],"wp:attachment":[{"href":"https:\/\/www.etacopkonteyner.com\/index.php?rest_route=%2Fwp%2Fv2%2Fmedia&parent=673"}],"wp:term":[{"taxonomy":"product_brand","embeddable":true,"href":"https:\/\/www.etacopkonteyner.com\/index.php?rest_route=%2Fwp%2Fv2%2Fproduct_brand&post=673"},{"taxonomy":"product_cat","embeddable":true,"href":"https:\/\/www.etacopkonteyner.com\/index.php?rest_route=%2Fwp%2Fv2%2Fproduct_cat&post=673"},{"taxonomy":"product_tag","embeddable":true,"href":"https:\/\/www.etacopkonteyner.com\/index.php?rest_route=%2Fwp%2Fv2%2Fproduct_tag&post=673"}],"curies":[{"name":"wp","href":"https:\/\/api.w.org\/{rel}","templated":true}]}}